{"id":102,"date":"2022-07-06T14:37:00","date_gmt":"2022-07-06T14:37:00","guid":{"rendered":"http:\/\/athleticclubraedersheim.fr\/?page_id=102"},"modified":"2022-09-14T12:22:45","modified_gmt":"2022-09-14T12:22:45","slug":"tarifs-licence","status":"publish","type":"page","link":"https:\/\/www.athleticclubraedersheim.fr\/?page_id=102","title":{"rendered":"Nos licences"},"content":{"rendered":"\t\t<div data-elementor-type=\"wp-page\" data-elementor-id=\"102\" class=\"elementor elementor-102\">\n\t\t\t\t\t\t<section class=\"elementor-section elementor-top-section elementor-element elementor-element-23f793f elementor-section-boxed elementor-section-height-default elementor-section-height-default\" data-id=\"23f793f\" data-element_type=\"section\" data-e-type=\"section\">\n\t\t\t\t\t\t<div class=\"elementor-container elementor-column-gap-default\">\n\t\t\t\t\t<div class=\"elementor-column elementor-col-100 elementor-top-column elementor-element elementor-element-b444baa\" data-id=\"b444baa\" data-element_type=\"column\" data-e-type=\"column\">\n\t\t\t<div class=\"elementor-widget-wrap elementor-element-populated\">\n\t\t\t\t\t\t<div class=\"elementor-element elementor-element-99813bb elementor-widget elementor-widget-spacer\" data-id=\"99813bb\" data-element_type=\"widget\" data-e-type=\"widget\" data-widget_type=\"spacer.default\">\n\t\t\t\t<div class=\"elementor-widget-container\">\n\t\t\t\t\t\t\t<div class=\"elementor-spacer\">\n\t\t\t<div class=\"elementor-spacer-inner\"><\/div>\n\t\t<\/div>\n\t\t\t\t\t\t<\/div>\n\t\t\t\t<\/div>\n\t\t\t\t<div class=\"elementor-element elementor-element-a0c7763 elementor-widget elementor-widget-text-editor\" data-id=\"a0c7763\" data-element_type=\"widget\" data-e-type=\"widget\" data-widget_type=\"text-editor.default\">\n\t\t\t\t<div class=\"elementor-widget-container\">\n\t\t\t\t\t\t\t\t\t<h4>Cat\u00e9gories :<\/h4><ul><li><strong>Baby athl\u00e9<\/strong> (BA-U7) : 2017-2018<\/li><li><strong>\u00c9veil Athl\u00e9tique<\/strong> (EA-U10) : 2014 &#8211; 2015 &#8211; 2016<\/li><li><strong>Poussin(e)<\/strong> (PO-U12) : 2012 -2013<\/li><li><strong>Benjamin(e)<\/strong> (BE-U14) : 2010 &#8211; 2011<\/li><li><strong>Minime<\/strong> (MI-U16) : 2008 &#8211; 2009<\/li><li><strong>Cadet(te)<\/strong> (CA-U18) : 2006 &#8211; 2007<\/li><li><strong>Junior<\/strong> (JU-U20) : 2004 &#8211; 2005<\/li><li><strong>Espoir<\/strong> (ES-U23) : 2001 &#8211; 2002 &#8211; 2003<\/li><li><strong>Senior<\/strong> (SE) : 1989 \u00e0 2000<\/li><li><strong>Master<\/strong> (MA) :1988 et avant<\/li><\/ul><p>Un <b><u>certificat\u00a0<\/u><\/b><span style=\"font-size: inherit;\"><b><u>m\u00e9dical <\/u>de non contre-indication \u00e0 la pratique du sport <\/b>datant de moins de six mois est demand\u00e9 au moment de la prise de la licence.<\/span><\/p>\t\t\t\t\t\t\t\t<\/div>\n\t\t\t\t<\/div>\n\t\t\t\t\t<\/div>\n\t\t<\/div>\n\t\t\t\t\t<\/div>\n\t\t<\/section>\n\t\t\t\t<section class=\"elementor-section elementor-top-section elementor-element elementor-element-1d594cd elementor-section-boxed elementor-section-height-default elementor-section-height-default\" data-id=\"1d594cd\" data-element_type=\"section\" data-e-type=\"section\">\n\t\t\t\t\t\t<div class=\"elementor-container elementor-column-gap-default\">\n\t\t\t\t\t<div class=\"elementor-column elementor-col-100 elementor-top-column elementor-element elementor-element-9f53100\" data-id=\"9f53100\" data-element_type=\"column\" data-e-type=\"column\">\n\t\t\t<div class=\"elementor-widget-wrap elementor-element-populated\">\n\t\t\t\t\t\t<div class=\"elementor-element elementor-element-3c4b837 elementor-align-center elementor-widget elementor-widget-button\" data-id=\"3c4b837\" data-element_type=\"widget\" data-e-type=\"widget\" data-widget_type=\"button.default\">\n\t\t\t\t<div class=\"elementor-widget-container\">\n\t\t\t\t\t\t\t\t\t<div class=\"elementor-button-wrapper\">\n\t\t\t\t\t<a class=\"elementor-button elementor-button-link elementor-size-md\" href=\"https:\/\/www.athleticclubraedersheim.fr\/licence\/formulaire-dinscription\">\n\t\t\t\t\t\t<span class=\"elementor-button-content-wrapper\">\n\t\t\t\t\t\t\t\t\t<span class=\"elementor-button-text\">Prendre une licence<\/span>\n\t\t\t\t\t<\/span>\n\t\t\t\t\t<\/a>\n\t\t\t\t<\/div>\n\t\t\t\t\t\t\t\t<\/div>\n\t\t\t\t<\/div>\n\t\t\t\t<div class=\"elementor-element elementor-element-c488cdd elementor-widget elementor-widget-spacer\" data-id=\"c488cdd\" data-element_type=\"widget\" data-e-type=\"widget\" data-widget_type=\"spacer.default\">\n\t\t\t\t<div class=\"elementor-widget-container\">\n\t\t\t\t\t\t\t<div class=\"elementor-spacer\">\n\t\t\t<div class=\"elementor-spacer-inner\"><\/div>\n\t\t<\/div>\n\t\t\t\t\t\t<\/div>\n\t\t\t\t<\/div>\n\t\t\t\t\t<\/div>\n\t\t<\/div>\n\t\t\t\t\t<\/div>\n\t\t<\/section>\n\t\t\t\t<section class=\"elementor-section elementor-top-section elementor-element elementor-element-fc6fa88 elementor-section-boxed elementor-section-height-default elementor-section-height-default\" data-id=\"fc6fa88\" data-element_type=\"section\" data-e-type=\"section\">\n\t\t\t\t\t\t<div class=\"elementor-container elementor-column-gap-default\">\n\t\t\t\t\t<div class=\"elementor-column elementor-col-33 elementor-top-column elementor-element elementor-element-6557397\" data-id=\"6557397\" data-element_type=\"column\" data-e-type=\"column\">\n\t\t\t<div class=\"elementor-widget-wrap elementor-element-populated\">\n\t\t\t\t\t\t<div class=\"elementor-element elementor-element-848440e elementor-widget elementor-widget-heading\" data-id=\"848440e\" data-element_type=\"widget\" data-e-type=\"widget\" data-widget_type=\"heading.default\">\n\t\t\t\t<div class=\"elementor-widget-container\">\n\t\t\t\t\t<h4 class=\"elementor-heading-title elementor-size-default\">Licence Athl\u00e9 Comp\u00e9tition<\/h4>\t\t\t\t<\/div>\n\t\t\t\t<\/div>\n\t\t\t\t<div class=\"elementor-element elementor-element-24f4037 elementor-widget elementor-widget-text-editor\" data-id=\"24f4037\" data-element_type=\"widget\" data-e-type=\"widget\" data-widget_type=\"text-editor.default\">\n\t\t\t\t<div class=\"elementor-widget-container\">\n\t\t\t\t\t\t\t\t\t<p style=\"font-size: 18px;\">Concerne les cat\u00e9gories suivantes :<\/p><ul><li><strong>Benjamins\u00a0<\/strong><em>(d\u00e9couvertes des disciplines)<\/em><\/li><li><strong>Minimes\u00a0<\/strong><em>(approche multidisciplinaire et collective des comp\u00e9titions)<\/em><\/li><li><strong>Cadets\u00a0<\/strong><em>(comp\u00e9titions individuelles, d\u00e9but de sp\u00e9cifications)<\/em><\/li><li><strong>Juniors \u00e0 v\u00e9t\u00e9rans\u00a0<\/strong><em>(comp\u00e9titions individuelles et collectives)\u00a0<\/em><\/li><\/ul><p><strong>Prix : 110 \u20ac<\/strong><\/p>\t\t\t\t\t\t\t\t<\/div>\n\t\t\t\t<\/div>\n\t\t\t\t\t<\/div>\n\t\t<\/div>\n\t\t\t\t<div class=\"elementor-column elementor-col-33 elementor-top-column elementor-element elementor-element-fce3ccc\" data-id=\"fce3ccc\" data-element_type=\"column\" data-e-type=\"column\">\n\t\t\t<div class=\"elementor-widget-wrap elementor-element-populated\">\n\t\t\t\t\t\t<div class=\"elementor-element elementor-element-88e2384 elementor-widget elementor-widget-heading\" data-id=\"88e2384\" data-element_type=\"widget\" data-e-type=\"widget\" data-widget_type=\"heading.default\">\n\t\t\t\t<div class=\"elementor-widget-container\">\n\t\t\t\t\t<h4 class=\"elementor-heading-title elementor-size-default\">Licence Athl\u00e9 D\u00e9couverte<\/h4>\t\t\t\t<\/div>\n\t\t\t\t<\/div>\n\t\t\t\t<div class=\"elementor-element elementor-element-e331554 elementor-widget elementor-widget-text-editor\" data-id=\"e331554\" data-element_type=\"widget\" data-e-type=\"widget\" data-widget_type=\"text-editor.default\">\n\t\t\t\t<div class=\"elementor-widget-container\">\n\t\t\t\t\t\t\t\t\t<p>Concerne les cat\u00e9gories suivantes :<\/p><ul><li><strong>Baby athl\u00e9<\/strong> (<em>d\u00e9couverte des habilit\u00e9s motrices<\/em>)<\/li><li><strong>Eveil athl\u00e9tique <\/strong><em>(d\u00e9couverte des diff\u00e9rentes disciplines)<\/em><\/li><li><strong>Poussins <\/strong><em>(approche ludique multidisciplinaire)<\/em><em><br \/><\/em><\/li><\/ul><p><strong>Prix<\/strong> : <strong>150 \u20ac<\/strong> Baby athl\u00e9 et <strong>110 \u20ac<\/strong> Eveil athl\u00e9tique et Poussins<\/p>\t\t\t\t\t\t\t\t<\/div>\n\t\t\t\t<\/div>\n\t\t\t\t\t<\/div>\n\t\t<\/div>\n\t\t\t\t<div class=\"elementor-column elementor-col-33 elementor-top-column elementor-element elementor-element-6cb513e\" data-id=\"6cb513e\" data-element_type=\"column\" data-e-type=\"column\">\n\t\t\t<div class=\"elementor-widget-wrap elementor-element-populated\">\n\t\t\t\t\t\t<div class=\"elementor-element elementor-element-ec47b97 elementor-widget elementor-widget-heading\" data-id=\"ec47b97\" data-element_type=\"widget\" data-e-type=\"widget\" data-widget_type=\"heading.default\">\n\t\t\t\t<div class=\"elementor-widget-container\">\n\t\t\t\t\t<h4 class=\"elementor-heading-title elementor-size-default\">Licence Athl\u00e9 Sant\u00e9<\/h4>\t\t\t\t<\/div>\n\t\t\t\t<\/div>\n\t\t\t\t<div class=\"elementor-element elementor-element-d74f1de elementor-widget elementor-widget-text-editor\" data-id=\"d74f1de\" data-element_type=\"widget\" data-e-type=\"widget\" data-widget_type=\"text-editor.default\">\n\t\t\t\t<div class=\"elementor-widget-container\">\n\t\t\t\t\t\t\t\t\t<p><span style=\"font-size: inherit;\">Concerne toutes les cat\u00e9gories <\/span><b style=\"font-size: inherit;\">\u00e0 partir de cadet :<\/b><\/p><p><span style=\"font-size: inherit;\"><i>Pour les personnes qui cherchent une pratique tourn\u00e9e vers le bien-\u00eatre, la d\u00e9tente, la lutte contre la s\u00e9dentarit\u00e9&#8230;<\/i><\/span><\/p><p><span style=\"font-size: inherit;\"><i>La pratique est encadr\u00e9e par un entra\u00eeneur dipl\u00f4m\u00e9 ou coach Athl\u00e9 Sant\u00e9<\/i><\/span><\/p><p><strong>Prix : 110 \u20ac<\/strong><\/p>\t\t\t\t\t\t\t\t<\/div>\n\t\t\t\t<\/div>\n\t\t\t\t\t<\/div>\n\t\t<\/div>\n\t\t\t\t\t<\/div>\n\t\t<\/section>\n\t\t\t\t<section class=\"elementor-section elementor-top-section elementor-element elementor-element-57ef6ea elementor-section-boxed elementor-section-height-default elementor-section-height-default\" data-id=\"57ef6ea\" data-element_type=\"section\" data-e-type=\"section\">\n\t\t\t\t\t\t<div class=\"elementor-container elementor-column-gap-default\">\n\t\t\t\t\t<div class=\"elementor-column elementor-col-33 elementor-top-column elementor-element elementor-element-611543c\" data-id=\"611543c\" data-element_type=\"column\" data-e-type=\"column\">\n\t\t\t<div class=\"elementor-widget-wrap elementor-element-populated\">\n\t\t\t\t\t\t<div class=\"elementor-element elementor-element-e2720b6 elementor-widget elementor-widget-heading\" data-id=\"e2720b6\" data-element_type=\"widget\" data-e-type=\"widget\" data-widget_type=\"heading.default\">\n\t\t\t\t<div class=\"elementor-widget-container\">\n\t\t\t\t\t<h4 class=\"elementor-heading-title elementor-size-default\">Licence Athl\u00e9 Entreprise<\/h4>\t\t\t\t<\/div>\n\t\t\t\t<\/div>\n\t\t\t\t<div class=\"elementor-element elementor-element-0449861 elementor-widget elementor-widget-text-editor\" data-id=\"0449861\" data-element_type=\"widget\" data-e-type=\"widget\" data-widget_type=\"text-editor.default\">\n\t\t\t\t<div class=\"elementor-widget-container\">\n\t\t\t\t\t\t\t\t\t<p>Concerne les cat\u00e9gories <strong>de cadets \u00e0 v\u00e9t\u00e9rans :\u00a0<\/strong><\/p><p><em>Permet de participer \u00e0 toutes les comp\u00e9titions autoris\u00e9es et aux championnats de Sport en entreprise.<\/em><\/p><p><strong>Prix : 110 \u20ac<\/strong><\/p><p><em>\u00a0<\/em><\/p>\t\t\t\t\t\t\t\t<\/div>\n\t\t\t\t<\/div>\n\t\t\t\t\t<\/div>\n\t\t<\/div>\n\t\t\t\t<div class=\"elementor-column elementor-col-33 elementor-top-column elementor-element elementor-element-a13d1b2\" data-id=\"a13d1b2\" data-element_type=\"column\" data-e-type=\"column\">\n\t\t\t<div class=\"elementor-widget-wrap elementor-element-populated\">\n\t\t\t\t\t\t<div class=\"elementor-element elementor-element-deec004 elementor-widget elementor-widget-heading\" data-id=\"deec004\" data-element_type=\"widget\" data-e-type=\"widget\" data-widget_type=\"heading.default\">\n\t\t\t\t<div class=\"elementor-widget-container\">\n\t\t\t\t\t<h4 class=\"elementor-heading-title elementor-size-default\">Licence Athl\u00e9 Running<\/h4>\t\t\t\t<\/div>\n\t\t\t\t<\/div>\n\t\t\t\t<div class=\"elementor-element elementor-element-308ac0d elementor-widget elementor-widget-text-editor\" data-id=\"308ac0d\" data-element_type=\"widget\" data-e-type=\"widget\" data-widget_type=\"text-editor.default\">\n\t\t\t\t<div class=\"elementor-widget-container\">\n\t\t\t\t\t\t\t\t\t<p>Concerne toutes les cat\u00e9gories <strong>\u00e0 partir de cadet<\/strong> :<\/p><p><em>Activit\u00e9s (footing, \u00e9tirements, fractionn\u00e9s&#8230;) visant \u00e0 faire d\u00e9buter ou reprendre la course \u00e0 pied ou \u00e0 faire progresser des coureurs pr\u00e9parant des courses (hors championnats)<\/em><\/p><p><strong>Prix : 110 \u20ac<\/strong><\/p><p><\/p>\t\t\t\t\t\t\t\t<\/div>\n\t\t\t\t<\/div>\n\t\t\t\t\t<\/div>\n\t\t<\/div>\n\t\t\t\t<div class=\"elementor-column elementor-col-33 elementor-top-column elementor-element elementor-element-fad8b27\" data-id=\"fad8b27\" data-element_type=\"column\" data-e-type=\"column\">\n\t\t\t<div class=\"elementor-widget-wrap elementor-element-populated\">\n\t\t\t\t\t\t<div class=\"elementor-element elementor-element-58649c1 elementor-widget elementor-widget-heading\" data-id=\"58649c1\" data-element_type=\"widget\" data-e-type=\"widget\" data-widget_type=\"heading.default\">\n\t\t\t\t<div class=\"elementor-widget-container\">\n\t\t\t\t\t<h4 class=\"elementor-heading-title elementor-size-default\">Licence Athl\u00e9 Encadrement<\/h4>\t\t\t\t<\/div>\n\t\t\t\t<\/div>\n\t\t\t\t<div class=\"elementor-element elementor-element-396bec1 elementor-widget elementor-widget-text-editor\" data-id=\"396bec1\" data-element_type=\"widget\" data-e-type=\"widget\" data-widget_type=\"text-editor.default\">\n\t\t\t\t<div class=\"elementor-widget-container\">\n\t\t\t\t\t\t\t\t\t<p>Concerne les cat\u00e9gories <strong>\u00e0 partir de minimes<\/strong> :<\/p><p><em>Cette licence permet d&#8217;exercer des responsabilit\u00e9s officielles au sein u club, postuler \u00e0 un poste de responsable d\u00e9partemental, r\u00e9gional ou national. Cette licence ne permet pas de pratiquer l&#8217;athl\u00e9tisme.<\/em><\/p><p><strong>Prix : 110 \u20ac<\/strong><\/p><p><\/p>\t\t\t\t\t\t\t\t<\/div>\n\t\t\t\t<\/div>\n\t\t\t\t\t<\/div>\n\t\t<\/div>\n\t\t\t\t\t<\/div>\n\t\t<\/section>\n\t\t\t\t<\/div>\n\t\t","protected":false},"excerpt":{"rendered":"<p>Cat\u00e9gories : Baby athl\u00e9 (BA-U7) : 2017-2018 \u00c9veil Athl\u00e9tique (EA-U10) : 2014 &#8211; 2015 &#8211; 2016 Poussin(e) (PO-U12) : 2012 -2013 Benjamin(e) (BE-U14) : 2010 &#8211; 2011 Minime (MI-U16) : 2008 &#8211; 2009 Cadet(te) (CA-U18) : 2006 &#8211; 2007 Junior (JU-U20) : 2004 &#8211; 2005 Espoir (ES-U23) : 2001 &#8211; [&hellip;]<\/p>\n","protected":false},"author":1,"featured_media":316,"parent":54,"menu_order":0,"comment_status":"closed","ping_status":"closed","template":"page-templates\/template-fullwidth.php","meta":{"footnotes":""},"class_list":["post-102","page","type-page","status-publish","has-post-thumbnail","hentry"],"yoast_head":"<!-- This site is optimized with the Yoast SEO plugin v27.5 - https:\/\/yoast.com\/product\/yoast-seo-wordpress\/ -->\n<title>Nos licences - Athletic Club Raedersheim<\/title>\n<meta name=\"description\" content=\"D\u00e9couvrez toutes nos licences et choisissez celle qui vous convient le mieux. L&#039;inscription se fait directement sur le site.\" \/>\n<meta name=\"robots\" content=\"index, follow, max-snippet:-1, max-image-preview:large, max-video-preview:-1\" \/>\n<link rel=\"canonical\" href=\"https:\/\/www.athleticclubraedersheim.fr\/licence\/tarifs-licence\" \/>\n<meta property=\"og:locale\" content=\"fr_FR\" \/>\n<meta property=\"og:type\" content=\"article\" \/>\n<meta property=\"og:title\" content=\"Nos licences - Athletic Club Raedersheim\" \/>\n<meta property=\"og:description\" content=\"D\u00e9couvrez toutes nos licences et choisissez celle qui vous convient le mieux. L&#039;inscription se fait directement sur le site.\" \/>\n<meta property=\"og:url\" content=\"https:\/\/www.athleticclubraedersheim.fr\/licence\/tarifs-licence\" \/>\n<meta property=\"og:site_name\" content=\"Athletic Club Raedersheim\" \/>\n<meta property=\"article:publisher\" content=\"https:\/\/www.facebook.com\/Athltic-Club-de-Raedersheim-ACR-336128767112821\/\" \/>\n<meta property=\"article:modified_time\" content=\"2022-09-14T12:22:45+00:00\" \/>\n<meta property=\"og:image\" content=\"https:\/\/www.athleticclubraedersheim.fr\/wp-content\/uploads\/2022\/07\/20211102_184241-scaled.jpg\" \/>\n\t<meta property=\"og:image:width\" content=\"2560\" \/>\n\t<meta property=\"og:image:height\" content=\"1440\" \/>\n\t<meta property=\"og:image:type\" content=\"image\/jpeg\" \/>\n<meta name=\"twitter:card\" content=\"summary_large_image\" \/>\n<meta name=\"twitter:label1\" content=\"Dur\u00e9e de lecture estim\u00e9e\" \/>\n\t<meta name=\"twitter:data1\" content=\"2 minutes\" \/>\n<script type=\"application\/ld+json\" class=\"yoast-schema-graph\">{\"@context\":\"https:\\\/\\\/schema.org\",\"@graph\":[{\"@type\":\"WebPage\",\"@id\":\"https:\\\/\\\/www.athleticclubraedersheim.fr\\\/?page_id=102\",\"url\":\"https:\\\/\\\/www.athleticclubraedersheim.fr\\\/licence\\\/tarifs-licence\",\"name\":\"Nos licences - Athletic Club Raedersheim\",\"isPartOf\":{\"@id\":\"https:\\\/\\\/www.athleticclubraedersheim.fr\\\/#website\"},\"primaryImageOfPage\":{\"@id\":\"https:\\\/\\\/www.athleticclubraedersheim.fr\\\/licence\\\/tarifs-licence#primaryimage\"},\"image\":{\"@id\":\"https:\\\/\\\/www.athleticclubraedersheim.fr\\\/licence\\\/tarifs-licence#primaryimage\"},\"thumbnailUrl\":\"https:\\\/\\\/www.athleticclubraedersheim.fr\\\/wp-content\\\/uploads\\\/2022\\\/07\\\/20211102_184241-scaled.jpg\",\"datePublished\":\"2022-07-06T14:37:00+00:00\",\"dateModified\":\"2022-09-14T12:22:45+00:00\",\"description\":\"D\u00e9couvrez toutes nos licences et choisissez celle qui vous convient le mieux. L'inscription se fait directement sur le site.\",\"breadcrumb\":{\"@id\":\"https:\\\/\\\/www.athleticclubraedersheim.fr\\\/licence\\\/tarifs-licence#breadcrumb\"},\"inLanguage\":\"fr-FR\",\"potentialAction\":[{\"@type\":\"ReadAction\",\"target\":[\"https:\\\/\\\/www.athleticclubraedersheim.fr\\\/licence\\\/tarifs-licence\"]}]},{\"@type\":\"ImageObject\",\"inLanguage\":\"fr-FR\",\"@id\":\"https:\\\/\\\/www.athleticclubraedersheim.fr\\\/licence\\\/tarifs-licence#primaryimage\",\"url\":\"https:\\\/\\\/www.athleticclubraedersheim.fr\\\/wp-content\\\/uploads\\\/2022\\\/07\\\/20211102_184241-scaled.jpg\",\"contentUrl\":\"https:\\\/\\\/www.athleticclubraedersheim.fr\\\/wp-content\\\/uploads\\\/2022\\\/07\\\/20211102_184241-scaled.jpg\",\"width\":2560,\"height\":1440,\"caption\":\"jeune athl\u00e8te pendant un entrainement\"},{\"@type\":\"BreadcrumbList\",\"@id\":\"https:\\\/\\\/www.athleticclubraedersheim.fr\\\/licence\\\/tarifs-licence#breadcrumb\",\"itemListElement\":[{\"@type\":\"ListItem\",\"position\":1,\"name\":\"Accueil\",\"item\":\"https:\\\/\\\/www.athleticclubraedersheim.fr\\\/\"},{\"@type\":\"ListItem\",\"position\":2,\"name\":\"Licence\",\"item\":\"https:\\\/\\\/www.athleticclubraedersheim.fr\\\/?page_id=54\"},{\"@type\":\"ListItem\",\"position\":3,\"name\":\"Nos licences\"}]},{\"@type\":\"WebSite\",\"@id\":\"https:\\\/\\\/www.athleticclubraedersheim.fr\\\/#website\",\"url\":\"https:\\\/\\\/www.athleticclubraedersheim.fr\\\/\",\"name\":\"Athletic Club Raedersheim\",\"description\":\"AC Raedersheim \",\"publisher\":{\"@id\":\"https:\\\/\\\/www.athleticclubraedersheim.fr\\\/#organization\"},\"potentialAction\":[{\"@type\":\"SearchAction\",\"target\":{\"@type\":\"EntryPoint\",\"urlTemplate\":\"https:\\\/\\\/www.athleticclubraedersheim.fr\\\/?s={search_term_string}\"},\"query-input\":{\"@type\":\"PropertyValueSpecification\",\"valueRequired\":true,\"valueName\":\"search_term_string\"}}],\"inLanguage\":\"fr-FR\"},{\"@type\":\"Organization\",\"@id\":\"https:\\\/\\\/www.athleticclubraedersheim.fr\\\/#organization\",\"name\":\"ACR\",\"url\":\"https:\\\/\\\/www.athleticclubraedersheim.fr\\\/\",\"logo\":{\"@type\":\"ImageObject\",\"inLanguage\":\"fr-FR\",\"@id\":\"https:\\\/\\\/www.athleticclubraedersheim.fr\\\/#\\\/schema\\\/logo\\\/image\\\/\",\"url\":\"http:\\\/\\\/athleticclubraedersheim.fr\\\/wp-content\\\/uploads\\\/2022\\\/07\\\/telechargement-2.png\",\"contentUrl\":\"http:\\\/\\\/athleticclubraedersheim.fr\\\/wp-content\\\/uploads\\\/2022\\\/07\\\/telechargement-2.png\",\"width\":225,\"height\":225,\"caption\":\"ACR\"},\"image\":{\"@id\":\"https:\\\/\\\/www.athleticclubraedersheim.fr\\\/#\\\/schema\\\/logo\\\/image\\\/\"},\"sameAs\":[\"https:\\\/\\\/www.facebook.com\\\/Athltic-Club-de-Raedersheim-ACR-336128767112821\\\/\"]}]}<\/script>\n<!-- \/ Yoast SEO plugin. -->","yoast_head_json":{"title":"Nos licences - Athletic Club Raedersheim","description":"D\u00e9couvrez toutes nos licences et choisissez celle qui vous convient le mieux. L'inscription se fait directement sur le site.","robots":{"index":"index","follow":"follow","max-snippet":"max-snippet:-1","max-image-preview":"max-image-preview:large","max-video-preview":"max-video-preview:-1"},"canonical":"https:\/\/www.athleticclubraedersheim.fr\/licence\/tarifs-licence","og_locale":"fr_FR","og_type":"article","og_title":"Nos licences - Athletic Club Raedersheim","og_description":"D\u00e9couvrez toutes nos licences et choisissez celle qui vous convient le mieux. L'inscription se fait directement sur le site.","og_url":"https:\/\/www.athleticclubraedersheim.fr\/licence\/tarifs-licence","og_site_name":"Athletic Club Raedersheim","article_publisher":"https:\/\/www.facebook.com\/Athltic-Club-de-Raedersheim-ACR-336128767112821\/","article_modified_time":"2022-09-14T12:22:45+00:00","og_image":[{"width":2560,"height":1440,"url":"https:\/\/www.athleticclubraedersheim.fr\/wp-content\/uploads\/2022\/07\/20211102_184241-scaled.jpg","type":"image\/jpeg"}],"twitter_card":"summary_large_image","twitter_misc":{"Dur\u00e9e de lecture estim\u00e9e":"2 minutes"},"schema":{"@context":"https:\/\/schema.org","@graph":[{"@type":"WebPage","@id":"https:\/\/www.athleticclubraedersheim.fr\/?page_id=102","url":"https:\/\/www.athleticclubraedersheim.fr\/licence\/tarifs-licence","name":"Nos licences - Athletic Club Raedersheim","isPartOf":{"@id":"https:\/\/www.athleticclubraedersheim.fr\/#website"},"primaryImageOfPage":{"@id":"https:\/\/www.athleticclubraedersheim.fr\/licence\/tarifs-licence#primaryimage"},"image":{"@id":"https:\/\/www.athleticclubraedersheim.fr\/licence\/tarifs-licence#primaryimage"},"thumbnailUrl":"https:\/\/www.athleticclubraedersheim.fr\/wp-content\/uploads\/2022\/07\/20211102_184241-scaled.jpg","datePublished":"2022-07-06T14:37:00+00:00","dateModified":"2022-09-14T12:22:45+00:00","description":"D\u00e9couvrez toutes nos licences et choisissez celle qui vous convient le mieux. L'inscription se fait directement sur le site.","breadcrumb":{"@id":"https:\/\/www.athleticclubraedersheim.fr\/licence\/tarifs-licence#breadcrumb"},"inLanguage":"fr-FR","potentialAction":[{"@type":"ReadAction","target":["https:\/\/www.athleticclubraedersheim.fr\/licence\/tarifs-licence"]}]},{"@type":"ImageObject","inLanguage":"fr-FR","@id":"https:\/\/www.athleticclubraedersheim.fr\/licence\/tarifs-licence#primaryimage","url":"https:\/\/www.athleticclubraedersheim.fr\/wp-content\/uploads\/2022\/07\/20211102_184241-scaled.jpg","contentUrl":"https:\/\/www.athleticclubraedersheim.fr\/wp-content\/uploads\/2022\/07\/20211102_184241-scaled.jpg","width":2560,"height":1440,"caption":"jeune athl\u00e8te pendant un entrainement"},{"@type":"BreadcrumbList","@id":"https:\/\/www.athleticclubraedersheim.fr\/licence\/tarifs-licence#breadcrumb","itemListElement":[{"@type":"ListItem","position":1,"name":"Accueil","item":"https:\/\/www.athleticclubraedersheim.fr\/"},{"@type":"ListItem","position":2,"name":"Licence","item":"https:\/\/www.athleticclubraedersheim.fr\/?page_id=54"},{"@type":"ListItem","position":3,"name":"Nos licences"}]},{"@type":"WebSite","@id":"https:\/\/www.athleticclubraedersheim.fr\/#website","url":"https:\/\/www.athleticclubraedersheim.fr\/","name":"Athletic Club Raedersheim","description":"AC Raedersheim ","publisher":{"@id":"https:\/\/www.athleticclubraedersheim.fr\/#organization"},"potentialAction":[{"@type":"SearchAction","target":{"@type":"EntryPoint","urlTemplate":"https:\/\/www.athleticclubraedersheim.fr\/?s={search_term_string}"},"query-input":{"@type":"PropertyValueSpecification","valueRequired":true,"valueName":"search_term_string"}}],"inLanguage":"fr-FR"},{"@type":"Organization","@id":"https:\/\/www.athleticclubraedersheim.fr\/#organization","name":"ACR","url":"https:\/\/www.athleticclubraedersheim.fr\/","logo":{"@type":"ImageObject","inLanguage":"fr-FR","@id":"https:\/\/www.athleticclubraedersheim.fr\/#\/schema\/logo\/image\/","url":"http:\/\/athleticclubraedersheim.fr\/wp-content\/uploads\/2022\/07\/telechargement-2.png","contentUrl":"http:\/\/athleticclubraedersheim.fr\/wp-content\/uploads\/2022\/07\/telechargement-2.png","width":225,"height":225,"caption":"ACR"},"image":{"@id":"https:\/\/www.athleticclubraedersheim.fr\/#\/schema\/logo\/image\/"},"sameAs":["https:\/\/www.facebook.com\/Athltic-Club-de-Raedersheim-ACR-336128767112821\/"]}]}},"_links":{"self":[{"href":"https:\/\/www.athleticclubraedersheim.fr\/index.php?rest_route=\/wp\/v2\/pages\/102","targetHints":{"allow":["GET"]}}],"collection":[{"href":"https:\/\/www.athleticclubraedersheim.fr\/index.php?rest_route=\/wp\/v2\/pages"}],"about":[{"href":"https:\/\/www.athleticclubraedersheim.fr\/index.php?rest_route=\/wp\/v2\/types\/page"}],"author":[{"embeddable":true,"href":"https:\/\/www.athleticclubraedersheim.fr\/index.php?rest_route=\/wp\/v2\/users\/1"}],"replies":[{"embeddable":true,"href":"https:\/\/www.athleticclubraedersheim.fr\/index.php?rest_route=%2Fwp%2Fv2%2Fcomments&post=102"}],"version-history":[{"count":40,"href":"https:\/\/www.athleticclubraedersheim.fr\/index.php?rest_route=\/wp\/v2\/pages\/102\/revisions"}],"predecessor-version":[{"id":731,"href":"https:\/\/www.athleticclubraedersheim.fr\/index.php?rest_route=\/wp\/v2\/pages\/102\/revisions\/731"}],"up":[{"embeddable":true,"href":"https:\/\/www.athleticclubraedersheim.fr\/index.php?rest_route=\/wp\/v2\/pages\/54"}],"wp:featuredmedia":[{"embeddable":true,"href":"https:\/\/www.athleticclubraedersheim.fr\/index.php?rest_route=\/wp\/v2\/media\/316"}],"wp:attachment":[{"href":"https:\/\/www.athleticclubraedersheim.fr\/index.php?rest_route=%2Fwp%2Fv2%2Fmedia&parent=102"}],"curies":[{"name":"wp","href":"https:\/\/api.w.org\/{rel}","templated":true}]}}